 be r(-5). Let z be ((-16)/6)/(n/6). Let h = -5 - z. Calculate the remainder when 5 is divided by h.
2
Let v(i) = 7*i**2 + 8*i - 3. Calculate the remainder when v(-4) is divided by 27.
23
Let o = 57 - 29. What is the remainder when o is divided by (200/30)/((-2)/(-3))?
8
Suppose i - 2*i = -10. Suppose -n + 21 = -6. What is the remainder when n is divided by i?
7
Suppose 0 = -0*z - 3*z. Suppose z = f - 0*q - 4*q + 2, -2*f + 3 = -q. Suppose -5*y - f*r = -6*r - 134, -2*r = 2. Calculate the remainder when y is divided by 7.
5
Suppose 5 - 50 = -9*p. Suppose -l + 4*l = 18. What is the remainder when l is divided by p?
1
Suppose 28 = g + 4. What is the remainder when 117 is divided by g?
21
Calculate the remainder when 33 is divided by (18/(-4))/(8/(-16)).
6
Let f = 474 + -467. What is the remainder when f is divided by 2/6 + 14/3?
2
Suppose -2*j = -11*n + 8*n - 531, 4*j = -2*n + 1054. What is the remainder when j is divided by 53?
52
Let w be (-88)/(-3)*1*-3. Let p = -37 - w. Calculate the remainder when p is divided by 26.
25
Suppose s - 384 = -5*s. Calculate the remainder when s is divided by 11.
9
Let b be ((-68)/(-10))/((-1)/5). Let g = -20 - b. What is the remainder when 41 is divided by g?
13
Suppose b - 10 = 3*b. What is the remainder when 19 + b/(5/(-2)) is divided by 4?
1
Let g(d) = -d**3 + 6*d**2 + 6*d + 10. Let y be 5 + (-6)/((-3)/1). What is the remainder when g(y) is divided by 1?
0
Suppose -11*k + 56 = -7*k. What is the remainder when 25 is divided by k?
11
Suppose 5*n = -4*i + 213, 2*i = 5*n - 0*i - 231. Suppose 4*g - 64 = -0*g - 5*c, 5*g - 80 = -c. What is the remainder when n is divided by g?
13
Suppose 0 = -3*h + j + 84, -4*h - j + 125 = 2*j. What is the remainder when h is divided by 8?
5
Suppose -3*a - 5*j = 2*a - 250, 2*a - 96 = 2*j. Let y be 172/(-22) - (-10)/(-55). Let m = 9 - y. Calculate the remainder when a is divided by m.
15
What is the remainder when 137 is divided by (-2)/12 + (1 - 133/(-6))?
22
Suppose 90 = 5*x + 3*j, -2*j - 28 - 66 = -4*x. Let a = x + -5. What is the remainder when a is divided by 6?
4
Let b(g) = g + 21. What is the remainder when b(10) is divided by 8?
7
Let w = 27 + -19. Suppose a - 14 = 5*r, -3*r = -2*a + 2*r + 13. Calculate the remainder when ((-23)/3)/(a/3) is divided by w.
7
Let i = -2 - 1. Let p be (3 - (-5 - i)) + 0. Suppose 177 = p*j - q, 5*q = -5*j + 52 + 113. What is the remainder when j is divided by 18?
17
Suppose -x = 3*a + 17, 2*a - 2 = 2*x - 0. Let i = -5 - x. What is the remainder when 20 - (0 + -1 + i) is divided by 11?
10
Let g = -104 + 133. What is the remainder when 113 is divided by g?
26
Let c(l) be the first derivative of l**4/4 + 2*l**3/3 - 5*l**2/2 - 3*l - 4. Let q be c(-4). Calculate the remainder when (-2)/4*(q + -1) is divided by 5.
3
Suppose 5*t - 24 = -3*p + 6, -11 = -p - 2*t. Let d(w) = -w**2 - 7*w + 7. Calculate the remainder when d(-4) is divided by p.
4
Suppose -l - 61 = 4*k, 3*l + 52 = 2*l - k. Let a = -35 - l. Calculate the remainder when 39 is divided by a.
11
Suppose -3*y = 2*r - 18, 0 = -4*r - 4*y + 35 + 1. What is the remainder when 31 is divided by r?
4
Calculate the remainder when (-116)/12*-3*2 is divided by 23.
12
Let h(b) be the first derivative of 10*b**3/3 + 3. Let w = 90 + -61. What is the remainder when w is divided by h(1)?
9
Let a(y) = -7*y - 12. Let n(l) = 13*l + 23. Let q(r) = 11*a(r) + 6*n(r). Calculate the remainder when 57 is divided by q(9).
12
Calculate the remainder when 226/3 - (-4)/(-12) is divided by 20.
15
Suppose 1076 = 7*m + 299. Calculate the remainder when m is divided by 38.
35
Let n = 191 + -108. Suppose 4*j - 142 = -a + 21, 2*j + a - n = 0. Suppose 0 = 4*o + o - j. Calculate the remainder when 14 is divided by o.
6
Suppose 6*h - 1056 = -210. What is the remainder when h is divided by 12?
9
What is the remainder when 242 is divided by (-298)/(-6) + (-8)/12?
46
Suppose -2*r = -4*i + 52, 2*i - 20 = 2*r + 2. Suppose 2*z = 4*z - 54. What is the remainder when z is divided by i?
12
Suppose q - 14 + 0 = 0. What is the remainder when 52 is divided by q?
10
Suppose -5*p - g = -3*g - 12, 12 = -2*p + 5*g. Calculate the remainder when 10 is divided by p.
2
Let k(y) = y**3 + 11*y**2 - 12*y + 9. Let g be k(-12). Let n = 9 + g. What is the remainder when 52 is divided by n?
16
Suppose 4*p = -5*p + 45. Calculate the remainder when 7 is divided by p.
2
Let z be (-2)/(-2 - 3/(-3)). Let l(a) = 3*a - 3. What is the remainder when l(5) is divided by 2/z + (1 - -5)?
5
Suppose 24*g = 23*g + 27. Calculate the remainder when g is divided by 14.
13
Let a be (0 - -2)/(-2) + 81. Suppose -2*h + a = 3*h - 4*p, 64 = 4*h - 4*p. What is the remainder when h is divided by 5?
1
Let z = -249 + 414. What is the remainder when z is divided by 24?
21
What is the remainder when 109 is divided by -6*(196/(-78) - 2/13)?
13
Suppose 3*h + 3*l - 5*l - 5 = 0, 5*l + 6 = h. Suppose 3 = 2*y + 2*a + 5, -a = -5*y + 19. What is the remainder when y is divided by h?
0
Let o = -37 + 78. Calculate the remainder when o is divided by 11.
8
Let l(n) be the first derivative of -n**4/4 - n**3/3 - n**2/2 + 9*n - 3. Calculate the remainder when 15 is divided by l(0).
6
Let j(p) = -7*p**2 - p - 4. Let g be j(3). Suppose 3*l + 25 = -59. Let u = l - g. What is the remainder when u is divided by 22?
20
Let m = 145 + -102. Calculate the remainder when m is divided by 15.
13
Suppose -5*y = -4*j + 23, -3*y = 4*j - 2 + 3. Suppose j + 6 = 4*v. Let f(s) = s**2 - s - 1. What is the remainder when v is divided by f(-1)?
0
Let l be 0/(-1 - (0 - -2)). Let g = l - -17. What is the remainder when 49 is divided by g?
15
Let f(x) = x**2 - 8*x + 9. Let z be f(7). Suppose z*b - 3*u = 7, -b = u - 3*u - 1. What is the remainder when b is divided by 6?
5
Suppose 2*h + 26 - 72 = 0. Suppose 2*v + h = 83. Calculate the remainder when 119 is divided by v.
29
Let o = -15 - -29. Calculate the remainder when (-45)/(-30) + 107/2 is divided by o.
13
Suppose -4*u - 21 = -9. Let w = u + 14. What is the remainder when 31 is divided by w?
9
Let v(n) = -n + 3. Suppose -3*p + 7*p = 4*h + 4, -p + 17 = -5*h. Calculate the remainder when v(h) is divided by 4.
3
Let z = 1 - 2. Let h(p) = -14*p. Calculate the remainder when ((-2)/(-4))/(2/108) is divided by h(z).
13
Suppose q - 110 = -4*q. What is the remainder when q is divided by 12?
10
Let z(g) = -2*g + 0*g - 2 + 0*g. Let j be z(-3). Suppose j = 4*l - 0*l. Calculate the remainder when l is divided by 1.
0
Let z(l) = l**2 + 17*l + 7. Calculate the remainder when z(-19) is divided by 23.
22
Suppose 4*c + 74 = 3*p, p = -p - 4*c + 16. Let h = p + -5. Calculate the remainder when h is divided by 4.
1
Let x(p) be the second derivative of p**3/6 + 2*p**2 - p. What is the remainder when 13 is divided by x(3)?
6
Suppose -2*m + 55 = 2*t + m, -3*m + 95 = 4*t. Let f(n) = n**2 - 4*n - 38. Calculate the remainder when f(11) is divided by t.
19
Let v = 49 - 30. Calculate the remainder when -7*(1 - (-1 - -10)) is divided by v.
18
Calculate the remainder when 25 is divided by (-1 + 4 - -8) + -2.
7
Suppose k - j - 12 = 0, 2*k = j - 13 + 33. Calculate the remainder when 135 is divided by k.
7
Let i(z) = -z - 3. Let a be i(4). Calculate the remainder when (2 - (-78)/(-21))*a is divided by 7.
5
Let a(f) = 7*f + 2. Calculate the remainder when 62 is divided by a(2).
14
Let h(b) = -b**2 + 2. Let k be h(2). Suppose -f + 5 = -3. What is the remainder when k/(-4) + (-225)/(-10) is divided by f?
7
Let u = 8 - 13. Let c = 9 + u. Suppose -59 - 5 = -c*y. What is the remainder when y is divided by 6?
4
Let p(y) = -5*y - 15. What is the remainder when 74 is divided by p(-6)?
14
Suppose x + 5*m + 40 = 6*x, -m = -2*x + 12. Let n = 1 - 1. Suppose -5*k + 4*i + 125 = n, 3*i - 125 = -x*k - k. Calculate the remainder when k is divided by 14.
11
Let i(p) = 3*p - 2. Calculate the remainder when 20 is divided by i(5).
7
Let v be 3/12 + 11/4. Let n = 7 - v. Suppose 2*u = -5*o + 5, -2*u + 4 - 2 = n*o. Calculate the remainder when 8 is divided by o.
2
Let d = -39 + 53. Calculate the remainder when 23 is divided by d.
9
Suppose -2*n - 4 = -4*n. Suppose -n*h + 0 + 30 = 0. Calculate the remainder when h is divided by 6.
3
Suppose -5*x + 2 = -8. Let n(g) = 3*g**2 - 1. Calculate the remainder when n(-1) is divided by x.
0
Let